4 a factor of 3752?
True
Is 5 a factor of 2340?
True
Is 16 a factor of 33872?
True
Does 28 divide 2240?
True
Does 14 divide 38906?
True
Does 13 divide 204?
False
Is 2346 a multiple of 23?
True
Does 56 divide 23153?
False
Is 53 a factor of 5203?
False
Is 7 a factor of 178?
False
Does 115 divide 20098?
False
Does 23 divide 4255?
True
Is 92 a factor of 8832?
True
Is 7 a factor of 7803?
False
Is 10410 a multiple of 6?
True
Is 71 a factor of 22851?
False
Does 3 divide 15987?
True
Is 17 a factor of 124669?
False
Is 3961 a multiple of 32?
False
Is 53757 a multiple of 99?
True
Is 76 a factor of 9956?
True
Is 32 a factor of 36447?
False
Is 49 a factor of 91434?
True
Does 2 divide 131?
False
Does 6 divide 8064?
True
Is 2800 a multiple of 7?
True
Does 9 divide 2541?
False
Is 33 a factor of 17298?
False
Does 4 divide 1003?
False
Is 98 a factor of 1862?
True
Does 4 divide 2884?
True
Is 20 a factor of 2784?
False
Does 13 divide 5377?
False
Is 329 even?
False
Is 1462 even?
True
Is 2 a factor of 34?
True
Does 39 divide 19389?
False
Is 2 a factor of 156?
True
Does 15 divide 1866?
False
Is 38 a factor of 266?
True
Is 149750 a multiple of 10?
True
Is 79 a factor of 7347?
True
Does 6 divide 345?
False
Is 2363 a multiple of 15?
False
Is 20 a factor of 794?
False
Is 23 a factor of 2783?
True
Is 22 a factor of 9816?
False
Is 16625 a multiple of 25?
True
Does 24 divide 543?
False
Does 36 divide 2808?
True
Is 3294 a multiple of 6?
True
Does 2 divide 287?
False
Does 9 divide 185?
False
Is 193 a multiple of 4?
False
Is 2223 a multiple of 19?
True
Does 28 divide 448?
True
Does 25 divide 1011?
False
Does 13 divide 3756?
False
Does 25 divide 1750?
True
Does 29 divide 19923?
True
Is 2 a factor of 881?
False
Does 225 divide 7875?
True
Is 3975 a multiple of 31?
False
Is 1062 a multiple of 9?
True
Does 8 divide 408?
True
Is 14 a factor of 770?
True
Does 19 divide 24960?
False
Does 16 divide 3603?
False
Is 17 a factor of 887?
False
Does 145 divide 4313?
False
Is 19173 a multiple of 21?
True
Does 21 divide 3112?
False
Is 6 a factor of 11014?
False
Is 231 a multiple of 7?
True
Is 695 a multiple of 5?
True
Is 4 a factor of 13560?
True
Is 17 a factor of 5848?
True
Is 2472 a multiple of 57?
False
Is 22 a factor of 18220?
False
Is 23559 a multiple of 162?
False
Is 12 a factor of 864?
True
Is 636 a multiple of 29?
False
Is 1070 a multiple of 78?
False
Is 770 a multiple of 70?
True
Does 48 divide 27929?
False
Is 7 a multiple of 2?
False
Is 58443 a multiple of 231?
True
Is 50 a multiple of 21?
False
Is 4687 a multiple of 69?
False
Is 10 a factor of 2270?
True
Does 10 divide 34570?
True
Does 31 divide 7099?
True
Does 27 divide 17760?
False
Is 230 a factor of 65808?
False
Is 692 a multiple of 30?
False
Does 31 divide 6514?
False
Is 21 a factor of 3507?
True
Is 350 a multiple of 14?
True
Is 3792 a multiple of 29?
False
Does 21 divide 30?
False
Does 68 divide 544?
True
Does 37 divide 8112?
False
Is 58 a factor of 1160?
True
Does 15 divide 15975?
True
Is 22 a factor of 2442?
True
Is 571 a multiple of 5?
False
Does 12 divide 1158?
False
Is 30572 a multiple of 10?
False
Is 5536 a multiple of 6?
False
Does 121 divide 36784?
True
Does 8 divide 186?
False
Is 8010 a multiple of 45?
True
Is 38 a factor of 9301?
False
Is 75 a factor of 36675?
True
Does 76 divide 2660?
True
Is 264 a multiple of 22?
True
Is 87 a multiple of 45?
False
Is 1862 a multiple of 17?
False
Is 1209 a multiple of 13?
True
Is 1568 a multiple of 25?
False
Is 633 a multiple of 4?
False
Is 11 a factor of 236?
False
Is 12 a factor of 1653?
False
Does 7 divide 1953?
True
Is 44 a factor of 825?
False
Does 29 divide 708?
False
Is 162 a multiple of 6?
True
Is 19 a factor of 26980?
True
Is 31 a factor of 5701?
False
Does 45 divide 630?
True
Is 20887 a multiple of 113?
False
Is 7303 a multiple of 30?
False
Does 7 divide 87252?
False
Does 21 divide 21084?
True
Does 21 divide 351?
False
Does 8 divide 386?
False
Does 18 divide 234?
True
Is 19792 a multiple of 16?
True
Does 33 divide 297?
True
Is 16 even?
True
Does 35 divide 2730?
True
Does 40 divide 1600?
True
Is 163 a factor of 25428?
True
Is 1423 a multiple of 11?
False
Is 18740 a multiple of 20?
True
Is 28897 a multiple of 37?
True
Does 16 divide 1246?
False
Is 1036 a multiple of 10?
False
Is 22 a factor of 22304?
False
Does 18 divide 3294?
True
Does 13 divide 1924?
True
Does 9 divide 33807?
False
Is 23704 a multiple of 155?
False
Is 54 a factor of 1998?
True
Does 31 divide 445?
False
Does 4 divide 128?
True
Is 134 a factor of 5436?
False
Is 95 a factor of 639?
False
Is 10535 a multiple of 49?
True
Is 94 a factor of 19186?
False
Is 808 a multiple of 6?
False
Is 14884 a multiple of 86?
False
Is 187 a multiple of 11?
True
Is 2 a factor of 999?
False
Does 5 divide 9000?
True
Is 48 a multiple of 24?
True
Is 65 a factor of 24829?
False
Does 59 divide 1223?
False
Is 31 a factor of 2997?
False
Does 18 divide 189?
False
Is 3885 a multiple of 15?
True
Is 12 a factor of 12492?
True
Is 12 a factor of 5292?
True
Is 966 a multiple of 46?
True
Is 30793 a multiple of 70?
False
Is 12 a factor of 673?
False
Is 111 a factor of 4001?
False
Does 40 divide 119000?
True
Is 48 a factor of 2523?
False
Does 168 divide 18642?
False
Is 1694 a multiple of 121?
True
Is 1268 a multiple of 32?
False
Does 44 divide 76912?
True
Is 9562 a multiple of 24?
False
Is 143 a multiple of 13?
True
Does 72 divide 748?
False
Is 8 a factor of 831?
False
Does 25 divide 3325?
True
Is 102 a factor of 1428?
True
Is 88 a factor of 968?
True
Does 46 divide 56634?
False
Is 28 a factor of 8798?
False
Does 25 divide 3960?
False
Is 1798 a multiple of 49?
False
Is 22 a factor of 3967?
False
Is 52 a factor of 1022?
False
Does 44 divide 616?
True
Does 103 divide 3458?
False
Is 19 a factor of 1128?
False
Is 3204 a multiple of 18?
True
Is 42 a factor of 1040?
False
Is 8 a factor of 3728?
True
Does 97 divide 26313?
False
Is 93 a factor of 130477?
False
Is 99 a factor of 31680?
True
Is 88 a multiple of 31?
False
Is 16 a factor of 3728?
True
Is 125 a factor of 1006?
False
Is 71 a factor of 2698?
True
Does 20 divide 1743?
False
Is 145 a multiple of 9?
False
Does 4 divide 3815?
False
Is 2757 a multiple of 17?
False
Does 20 divide 7260?
True
Is 5814 a multiple of 71?
False
Does 2 divide 65?
False
Is 3134 a multiple of 66?
False
Is 19 a factor of 575?
False
Is 25 a factor of 350?
True
Is 360 a multiple of 9?
True
Is 24 a factor of 528?
True
Does 77 divide 1252?
False
Is 23248 a multiple of 58?
False
Is 14 a factor of 181?
False
Does 10 divide 3585?
False
Is 19 a factor of 9186?
False
Is 43090 a multiple of 5?
True
Is 10 a factor of 720?
True
Is 10 a factor of 1760?
True
Is 1340 a multiple of 9?
False
Does 3 divide 315?
True
Is 354 a multiple of 11?
False
Is 35 a factor of 94305?
False
Is 15 a factor of 54?
False
Is 153 a factor of 45627?
False
Does 31 divide 524?
False
Does 6 divide 696?
True
Does 25 divide 3445?
False
Does 49 divide 10606?
False
Does 9 divide 197?
False
Does 5 divide 900?
True
Is 102 a factor of 1734?
True
Is 23643 a multiple of 50?
False
Is 9073 a multiple of 15?
False
Does 105 divide 9135?
True
Is 4039 a multiple of 12?
False
Is 969 a multiple of 19?
True
Is 10879 a multiple of 15?
False
Does 23 divide 25875?
True
Is 37 a factor of 167?
False
Does 30 divide 330?
True
Is 15 a factor of 23160?
True
Does 21 divide 2760?
False
Is 15 a factor of 638?
False
Does 2 divide 594?
True
Is 16 a factor of 8094?
False
Does 3 divide 2544?
True
Is 11770 a multiple of 107?
True
Is 17 a factor of 1042?
False
Is 38 a factor of 34124?
True
Is 989 a multiple of 24?
False
Does 5 divide 436?
False
Does 193 divide 13124?
True
Is 8 a factor of 3190?
False
Is 89 a multiple of 53?
False
Is 3450 a multiple of 4?
False
Does 95 divide 1629?
False
Is 61 a factor of 872?
False
Is 44 a factor of 28971?
False
Is 158 a factor of 1920?
False
Does 17 divide 1411?
True
Does 54 divide 3079?
False
Is 25 a factor of 23225?
True
Is 24 a factor of 2784?
True
Does 27 divide 69282?
True
Is 440 a multiple of 8?
True
Is 324 a factor of 83280?
False
Does 27 divide 8748?
True
Does 15 divide 4166?
False
Does 11 divide 5949?
False
Is 206 a multiple of 35?
False
Is 794 a multiple of 27?
False
Does 227 divide 6535?
False
Is 23 a factor of 783?
False
Is 90197 a multiple of 230?
Fals